git of v(x)?
1
Let x(u) = -3*u - 9. Let d be x(-6). Let a be (-8 - 434/(-56))*36. What is the units digit of 2*9 + a/d?
7
Suppose 5*s + 3 = -v, 21*s = -5*v + 22*s + 11. What is the units digit of v - -390 - (2 - 2)?
2
Suppose 0*c - 2*c + 3*c = 2. Let j(v) = 2*v**3 + v**3 + v**2 + 9*v**3 - v. What is the tens digit of j(c)?
9
Let z(n) = n**3 - 24*n**2 + 3*n - 39. Let u(h) = 3*h**3. Let o = -21 - -23. Let c be u(o). What is the tens digit of z(c)?
3
Suppose p = z + z - 1, 5*z = -2*p + 16. Suppose p*r = -2*r + 50. What is the tens digit of ((-108)/r)/(8/(-20))?
2
Suppose 9*v = 12*v. Suppose -z = -0*a + 5*a - 12, v = -2*z - 6. Suppose -3*k = -5*d + a*d - 296, -k = -2*d - 96. What is the tens digit of k?
0
Let w(m) = 37*m + 69. Let u be w(-8). Let n = 306 + u. What is the tens digit of n?
7
Suppose 4*o - 22 = 78. Suppose -2*t + 4*p = -24, 0 = -t + 5*p + o + 2. Suppose 6*y - 89 = 2*y - 5*i, 26 = y + t*i. What is the tens digit of y?
1
What is the hundreds digit of 6 - ((-36)/(-8))/((-6)/7928)?
9
Let g be -4*3/(-12)*8*1. Let h = -12 + g. What is the units digit of h + 6 - (-118)/(4 + -2)?
1
Let d = -177 + 180. Suppose 8442 = d*f + 11*f. What is the tens digit of f?
0
Let s(l) = l**2 - 14*l - 1. Let y be s(10). Let b be y*(-2 - 9/(3/1)). Let k = b - 107. What is the tens digit of k?
9
Suppose 48*n - 60*n + 19524 = 0. Let t = -150 + n. What is the tens digit of t?
7
Suppose -602*g + 13874 = -595*g. What is the units digit of g?
2
Let y(g) = -g**2 - 11*g - 12. Let r be y(-9). Let f = 213 - 156. Let q = f + r. What is the units digit of q?
3
Suppose -l + 3*f - 31 = 0, -2*f + 3*f - 53 = 3*l. Let o = l + 17. What is the tens digit of o/(2 + 1545/(-775))?
5
What is the tens digit of (-10)/8 + (-9070135)/(-652)?
1
Suppose f = 4*i + 4, 3*f + 2 - 14 = 0. Suppose -6*w + i*w + 162 = 0. Suppose -2*x = -41 + w. What is the units digit of x?
7
Let d = -47 - -94. Suppose -k = -3*h + 22, 2*h = -k - 2*h - 1. Let j = k + d. What is the tens digit of j?
3
Let w(a) = 310*a**3 - 5*a**2 + a + 7. What is the hundreds digit of w(4)?
7
Suppose -42 = -4*f + 2*s, 3*s - 8*s - 25 = 0. What is the tens digit of (-1158)/(-24) - 2/f?
4
Let r = -5640 + 10682. What is the units digit of r?
2
Suppose 13*t + 3*a - 2523 = 0, t + a = 5*t - 784. What is the tens digit of t?
9
Let u(r) = 5*r - 21. Let b be u(8). Let i be b/(-38) - (-30)/4. What is the units digit of (-10)/60 + i/6?
1
Let k(m) = 8*m**2 + 68*m - 45. Let h(t) = 7*t**2 + 67*t - 47. Let u(w) = -6*h(w) + 5*k(w). What is the units digit of u(-26)?
7
Let a(q) = -5*q**2 + 17*q + 13 + 5*q**2 + 4*q**2 - 5*q**2. Suppose 4*d = u - 9, -87 = -5*u - 0*u - d. What is the tens digit of a(u)?
1
Let l(u) = -2*u**3 - 13*u**2 - 16*u - 10. Let q be l(-12). Suppose 2*v = 5*g + q, -4*v + 1957 + 1559 = -2*g. What is the units digit of v?
8
Let f(k) = 64*k**3 + 4*k. Let y be f(2). Suppose -9*s + y = s. What is the tens digit of s?
5
Let s = -4460 + 28120. What is the tens digit of s?
6
Suppose -132 = -24*n + 26*n. Let z = -38 - n. Suppose -4 = 2*k - z. What is the tens digit of k?
1
Suppose 0 = 6*y - 9*y + 6. Suppose -y*w + 3*w = -44. What is the tens digit of w*(1 - 3) - 2?
8
Let x(n) = 280*n**2 + 38*n + 132. What is the tens digit of x(-6)?
8
Let b = -301 - -315. What is the tens digit of (-39 + b)*2*18/(-4)?
2
Let h be (-33)/(((-2)/(-10))/((-28)/(-210))). Let t(f) = -2*f**3 - 44*f**2 - 12*f + 94. What is the units digit of t(h)?
8
Suppose d = 3*v + 2 - 3, -4 = -4*v. What is the units digit of 6/d*1 - (-488 - 15)?
6
Let m be 2/((-1 - -2)/1). Suppose -v + 5*r + 11 = 0, -v + m*r - 4*r = 10. Let j(c) = c**3 + 4*c**2 - 5*c - 1. What is the tens digit of j(v)?
1
Let i(c) = -11*c + 666. Let y = 233 - 233. What is the hundreds digit of i(y)?
6
Let h(s) = 3*s - 25. Let v(a) = -2*a + 12. Let o(m) = -3*h(m) - 5*v(m). Let t be o(-10). Suppose -2*g = -t*u + 216, -g = -2*g - 3. What is the tens digit of u?
4
Let k be (-5)/((-4)/(32/20)). Let d be 1302/182 - (-6)/(-39). Suppose -d*w + 505 = -k*w. What is the units digit of w?
1
Let h(s) = 3*s + 6. Let u be h(-2). Suppose 2*v = -2*c - v + 457, u = -3*v - 9. What is the tens digit of c?
3
Let b(d) = 6*d**2 - 394*d + 489. What is the hundreds digit of b(87)?
6
Suppose 5*g + 20 = 0, -g + 16 = 6*s - 2*s. Suppose -4*o + 8 = 0, 5*z - s*o - 891 - 3299 = 0. What is the tens digit of z?
4
Let m be (-6)/(-30) - 76/(-20). Suppose m*a = 2*g + 802, -3*a + 4*g + 483 = -106. What is the units digit of a?
3
Let m = -10 - -59. Suppose -53 = -t - m. Suppose t*o = w + 861, -849 = -2*o - 2*o + 5*w. What is the tens digit of o?
1
Let n(v) = v**2 - 5*v - 32. Let a be n(9). Suppose -x + 300 = a*i + x, 3*x + 134 = 2*i. What is the tens digit of i?
7
What is the tens digit of (((-3)/12)/(5/13830))/((-18)/696)?
3
Suppose 7*y = g + 3*y - 4460, -y = -2*g + 8913. What is the tens digit of g?
5
Let c = -34175 - -79209. What is the hundreds digit of c?
0
Let v = 564 - 561. What is the tens digit of (-12733)/(-595) - v/(-5)?
2
What is the ten thousands digit of ((-4466)/87 - -52) + -54583*(-4)/3?
7
Let c = 18859 - 10251. What is the hundreds digit of c?
6
Suppose 17*k + 44184 = 24*k. Suppose 3*t + 4*i = 5800 - 1999, 5*t - k = i. What is the thousands digit of t?
1
Let c(s) = -382*s + 5. Let z be (4*(-3)/(-48))/((-3)/12). What is the tens digit of c(z)?
8
Suppose -33*f + 28*f - 25 = 0, 5*k = -f + 100450. What is the ten thousands digit of k?
2
Let k(a) be the first derivative of -2*a**2 + 74/3*a**3 - 3*a + 13. What is the units digit of k(-1)?
5
Let x be 8/60 - (-152)/(-15). Let a(f) = -7 - 10 + 30 - 9*f. What is the units digit of a(x)?
3
Let k = -11 - -19. Suppose 50*m = 18*m + 403 - 3059. Let v = k - m. What is the units digit of v?
1
Let n(g) = 20*g**2 - 95*g - 101. What is the hundreds digit of n(33)?
5
What is the hundreds digit of (0 - ((13 - 5) + -15))/((-2)/(-1714))?
9
Let x(h) = 17 + 109*h + 127*h**3 - 115*h - 54*h**3 + 100*h**3 - 2. What is the tens digit of x(2)?
8
Suppose 0 = 3*c + 29*c + 18720. Suppose -3*s + 362 = -4*s. Let y = s - c. What is the tens digit of y?
2
Let j(q) be the third derivative of -q**6/120 - q**5/12 + q**4/6 - q**3 + 9*q**2. Let v be j(-8). Suppose -3*u + u + v = 0. What is the units digit of u?
7
Let n be (0/(-3) - 5)*(-276)/30. Let o = -43 + n. Suppose -306 = -o*g - 3*w - 96, -54 = -g + 3*w. What is the units digit of g?
6
Let h = -475 - -458. Let c(y) = y**3 + 23*y**2 + 13*y + 44. What is the hundreds digit of c(h)?
5
Let x = -67 - -73. Suppose 135 = 3*o + x*o. Suppose -392 = o*a - 19*a. What is the tens digit of a?
9
Let r be (-568)/3*(-3)/2. Let h = r + 1046. What is the hundreds digit of h?
3
Let n(o) = 15*o - 255. Let f be n(17). Suppose f = -29*z - 13041 + 57585. What is the units digit of z?
6
Let h = 55 + -59. Let g(l) = l**3 + 3*l**2 - 7*l - 6. Let m be g(h). What is the units digit of ((-38)/m - -1)*(-6 + 0)?
2
Let h(n) = 65*n + 10 - 748*n + 89*n + 318*n. What is the hundreds digit of h(-5)?
3
Suppose -5*z = -3*q + 21295, -5*q = -11*z + 15*z - 35430. What is the tens digit of q?
9
Let n be 1/(1/9*27/6). Suppose -n*b - 944 = -5*k, -7 - 1 = 4*b. What is the units digit of k?
8
Let i(w) = w**2 - 2*w + 6. Let t = 49 + -37. Suppose 0 = 2*s + 2 - t. What is the tens digit of i(s)?
2
Let b(k) = -3*k**3 + 175*k**2 - 71*k + 50. What is the thousands digit of b(57)?
8
What is the hundreds digit of (0 + 7231)/(27*22/594)?
2
Suppose -f = 4*f - 5. Suppose -16 + f = -t. Let a(l) = 6*l - 35. What is the units digit of a(t)?
5
Let i(m) = -7*m**3 - 2*m**2 - 3*m - 2. Let l be i(-1). What is the tens digit of (-6)/9*((-5013)/l)/1?
5
Let b be 193416/15 + 20/(-50). Suppose b = 18*q + 3*q. What is the hundreds digit of q?
6
Suppose 0 = 4*y + 20, 8*k = 4*k - y + 663. Suppose 158*o + 7929 = k*o. What is the tens digit of o?
8
Suppose -42*b + 17350 + 76184 = 0. What is the hundreds digit of b?
2
Suppose -41*v - 5*x = -41*v, 0 = -4*v - 3*x + 37544. What is the units digit of v?
6
Suppose 2*u - 10281 = 3*x, 395*x + 15460 = 3*u + 396*x. What is the tens digit of u?
5
Suppose -3*v + 0*j + 23003 = 5*j, 5*j = 5*v - 38365. What is the tens digit of v?
7
Let j(p) be the third derivative of -p**4/24 - 3*p**3/2 + 12*p**2. Let s be j(-11). Suppose 0*x = -5*d - x + 290, 3*x = s*d - 99. What is the tens digit of d?
5
Let i = -125 